umber?
False
Let c = 5 - 4. Let l = 25 - 64. Is ((-7)/21)/(c/l) a composite number?
False
Let r(l) = 781*l. Let s be r(1). Let g = -527 + s. Is g prime?
False
Let k(t) = 22*t**2 - 4*t + 2. Let h be k(2). Let u = 57 - h. Let m = 138 + u. Is m a composite number?
False
Let m be 2 - 3 - (-398)/(-1). Let z = -266 - m. Is z composite?
True
Let u be 3*(-2)/(-2) - -54. Let v = -85 + u. Is 606/14 - (-8)/v a composite number?
False
Suppose 30690 = 3*k + 2*k + m, -6129 = -k - 2*m. Is k composite?
True
Let f(w) = -w**3 + 4*w**2 + 4*w - 3. Suppose -3*k + 10 = -k. Let l be f(k). Is 4/2*(-52)/l a composite number?
False
Suppose 234 = 5*o - 251. Is o a composite number?
False
Let x = -2 - -2. Suppose x = -0*u - u. Suppose -6*o + o + 75 = 2*n, -3*o + 15 = u. Is n composite?
True
Suppose -w = 4*s + 4, 0*w = w - 3*s - 3. Let z be (-28)/(-6)*(-3 - w). Let j = 5 - z. Is j composite?
False
Let k = -9 - -7. Is k*(21308/(-8))/7 prime?
True
Is 3/(0 + 3)*586 prime?
False
Suppose -2*l - 8 = -6*l. Suppose 48 = -l*f + 326. Is f a prime number?
True
Suppose -5*o - l + 43 = 0, -o + l - 4*l + 3 = 0. Let c be (24/(-10))/(o/(-240)). Let p = c - -1. Is p composite?
True
Suppose -3*c = -0*c - 6. Let s = -2 + c. Is (s - 2)/(6/(-9)) a composite number?
False
Is 21 - 17 - 2*2 - -1817 a composite number?
True
Let y = 121 - 64. Suppose 6*p - 114 = 5*p. Let i = p - y. Is i composite?
True
Let o(j) = -7*j + 0 - 5 + 3*j. Is o(-4) a prime number?
True
Let l(g) = 4*g**2 + g + 1. Let r be l(-1). Let s be (-1)/4 + 1637/r. Suppose -53 = 4*w - s. Is w a prime number?
True
Suppose 0 = 3*p + 3*q + 3, 4*p = q + 4*q - 22. Is -3*60/p + -1 prime?
True
Let b be (335 - (0 - 1)) + -1. Suppose -3*d = 2*d - b. Is d a prime number?
True
Suppose -r - 863 = -2*n + 81, 0 = 4*n + 2*r - 1896. Is n composite?
True
Suppose -31*o + 36*o - 6295 = 0. Is o a composite number?
False
Is -4 + (3 - 6)*1 + 594 prime?
True
Suppose 3*c = 2*c + 5. Suppose c*x + 6 = -2*u, 3*u - 4*x = u + 12. Suppose -u*r + 52 = 6. Is r a composite number?
False
Is 3 - (-18)/(307/(-77) - -4) prime?
False
Suppose 3 - 18 = -5*n, 17 = 2*o + 5*n. Suppose o - 14 = -w. Suppose 3*b - w = -4. Is b prime?
True
Suppose 2*s + 689 = -5*j, 0*j + 669 = -2*s - j. Let z = s + 493. Is z a prime number?
False
Let d(v) = -v + 1. Let n be d(1). Suppose n = 3*a - t - 268, 4*a + a = -5*t + 480. Is a a prime number?
False
Let t = 485 - -1664. Is t a prime number?
False
Let s(d) = -d**3 - d**2 - d - 1. Let f be s(-1). Suppose 3*b + 2*v = -f*b + 41, 0 = b + 2*v - 15. Is b prime?
True
Suppose 2*s = -4, -2 = -j - 2*j - 5*s. Let b(i) = 13*i - 9. Let c(t) = 6*t - 4. Let w(x) = -2*b(x) + 5*c(x). Is w(j) prime?
False
Let b be (-17 + -3)*144/(-15). Suppose 20 = -4*p + b. Is p a composite number?
False
Let w = 1 - -3. Let h(m) = -m**2 - 9*m + 5. Let f be h(-7). Suppose f = -w*d + 5*d. Is d composite?
False
Let f(k) = 12*k**2 + 10*k + 15. Is f(-5) a prime number?
False
Suppose -4 = 3*c - 16. Let z(j) = -j**2 + 5*j - 1. Let g be z(c). Suppose g*q = -q + 812. Is q a composite number?
True
Suppose p + 21 = -5*c + 434, 0 = 4*c - 2*p - 336. Suppose -o + u + 104 = 3*o, 3*o = 2*u + c. Suppose -2*f - 4*z = -z - 31, 2*f = -z + o. Is f composite?
False
Let n be 4221/(-6 + 3)*-1. Suppose -3*b = -0*b - n. Is b composite?
True
Let p(m) = 10*m**2 + 9*m + 10. Is p(7) composite?
False
Is (-2)/(-4)*(-5 + 5 - -1042) a prime number?
True
Let g = 23 - 9. Let n be 6/(-21) + (-304)/g. Let w = 53 + n. Is w composite?
False
Is 5*(4 - (-268)/20) prime?
False
Let r be (4 - 4)/(3 - 1). Suppose r = 2*i - 38 + 2. Let f = i - 7. Is f a composite number?
False
Let m be (-2)/11 + (-92)/(-22). Suppose m*i - 5 = 27. Let t = i + 89. Is t composite?
False
Suppose v + 5 = 0, -4*v - 15 = -4*i - 9*v. Suppose -3*j + i = -2. Is (-1 - 2)/(j/(-28)) composite?
True
Is (14/7)/((-4)/(-226)) a composite number?
False
Let j(k) be the first derivative of 7*k**6/90 + k**5/120 - k**4/24 - k**3/3 - 1. Let s(q) be the third derivative of j(q). Is s(-2) a composite number?
False
Let r(s) = 371*s - 16. Let j(l) = 74*l - 3. Let p(n) = -11*j(n) + 2*r(n). Is p(-2) a prime number?
False
Let g(q) = 4*q - 4 + 6*q**2 - q**3 - 3 - 2*q + 7*q. Is g(7) prime?
True
Is ((-2)/4)/(3/(-5466)) composite?
False
Let x(u) = u**3 + 10*u**2 - u - 11. Suppose -3*h = -2 + 32. Let m be x(h). Is -3*(-93)/(-9)*m prime?
True
Let r(v) = 130*v**2 - 6*v + 5. Is r(3) a composite number?
True
Suppose -4*h + 159 = -17. Let d = 18 + h. Is d prime?
False
Let n be 398*(14/(-4) - -4). Let z = -102 + n. Is z composite?
False
Suppose 4*f - 23806 = 3*w, -2*f + w - 4*w = -11912. Is f composite?
False
Let r be 0 + (188 - (-1 - 1)). Suppose 3*k = 6, r = 4*d - 5*k + 4*k. Let p = 107 - d. Is p prime?
True
Let k = -3082 - -4649. Is k prime?
True
Suppose -6*b + 3*b + 147 = 0. Let l(y) = y**3 - 3*y**2 + 2. Let g be l(3). Suppose -2*v = 2*x - 34, -b + 11 = -g*x - 3*v. Is x a composite number?
False
Let n(d) = d**3 + 12*d**2 - 3*d + 1. Is n(-12) composite?
False
Let s(o) = -o**2 - 28. Let p(i) = -i**2 + 4*i. Let d be p(4). Let c be s(d). Is (-2960)/c - 4/(-14) a composite number?
True
Suppose -6*l + 28 = -2*l. Let k(z) = z**2 - 4*z. Let x be k(3). Is x/l - (-552)/14 a composite number?
True
Suppose 0*q = -q + 5*r + 134, 5*r - 461 = -4*q. Is q prime?
False
Suppose -3*l + 4*s = 2*l - 20, -3*l + 25 = -5*s. Is (1 - l) + 138/3 a composite number?
False
Is 518/7*(-7)/(-2) a composite number?
True
Let b(u) = u**3 - 11*u**2 - 8*u + 1. Suppose -2*m = -m - 12. Is b(m) a composite number?
True
Let k = 4 + 0. Let r(t) = -k + 8*t**2 + t - 4 + 9. Is r(6) composite?
True
Suppose -k + 3*r = -4, 4*r + 53 = -3*k - 0*r. Let s = 42 + k. Is s a prime number?
True
Let y = 231 - 29. Is y a prime number?
False
Let o = -13410 - -20413. Suppose 3*j + 3*i - 4*i - o = 0, -2*j = 3*i - 4654. Is j prime?
True
Let f(l) = l**3 - 6*l**2 + 7*l - 6. Let i be f(5). Let a be (1 - -1)/(12/3846). Suppose -5*y = i*g - 623, -5*y + g = -g - a. Is y a composite number?
False
Let r be -1*(1 - 3/3). Suppose 33 = -o - 3*o - 3*i, r = -3*o - 5*i - 22. Is (74/(-6))/(3/o) composite?
False
Let p = -125 - -384. Is p prime?
False
Let o be 0/(-6) - (-1 + 0). Suppose u - o = -12. Let d = u - -122. Is d composite?
True
Suppose -12 = -0*n - 4*n. Let v = n - 0. Suppose -3*g - g = 5*k - 707, v*k + 2*g = 425. Is k a prime number?
False
Let t be 3/18*20*213. Suppose -7*k + t = -2*k. Let y = 257 - k. Is y prime?
False
Suppose 2*d - 869 = -q, 3*q + 1 = -14. Is d composite?
True
Let j = -411 - -664. Is j prime?
False
Suppose 0 = 5*g - 3*g - 10, -g = -p - 13. Is -2*(-191)/p*-4 a prime number?
True
Let k(j) = j**3 - j - 195. Let x be k(0). Let v(d) = d**3 - 8*d**2 + 7*d - 6. Let a be v(7). Is x/(-9) - (-4)/a a prime number?
False
Let v(s) = 5*s + 3. Let h be v(3). Suppose -3*i = -a - 12, 2*a = 4*i - 0*a - h. Let t(n) = 2*n**2 + 3*n + 4. Is t(i) a prime number?
True
Suppose -5*r - 40 = -0*r + 4*s, -5*r = 2*s + 50. Let l be (2*-3)/(r/8). Suppose 0 = 3*z - 2*w - 279, 6*z - 297 = 3*z - l*w. Is z a prime number?
False
Suppose -4*g + g - 21 = 0. Let c(y) = y**3 + 8*y**2 + 8*y + 7. Let v be c(g). Suppose -2*s + 64 + 10 = v. Is s a prime number?
True
Let x(h) be the second derivative of 0 - 3*h - 28/3*h**3 - 1/2*h**2. Is x(-1) prime?
False
Is 7*(-18)/(-210) - (-5624)/10 a prime number?
True
Let o(n) = -n**2 + 5*n - 1. Let y be o(4). Suppose 4*g + 5*i = 754, 613 = y*g - 5*i + 30. Is g composite?
False
Let h(w) = -w**2 + 2. Let j be h(0). Suppose -4 - 4 = -j*x. Suppose -723 = -5*b - 2*u, -x*u - 9 = -3*b + 430. Is b a composite number?
True
Let x(t) = t + 1. Let b be x(-7). Let z(d) = -2*d**3 - 4*d**2 - 7*d + 1. Is z(b) a prime number?
True
Suppose 5563 = 2*n - 3*c, -2*n - c = -353 - 5198. Is n prime?
True
Let b be (-3 - -20)*-8 + -1. Let g be b*(1 - (1 - -1)). Let i = g + -79. Is i prime?
False
Let n(q) = q**2 + 5*q - 10. Is n(-9) a composite number?
True
Let n(j) = 7 + 123*j - 7. Is n(1) composite?
True
Let y(n) = -43*n - 15. Is y(-16) composite?
False
Let c = 1093 + -443. Suppose -5*w + c = -210. Suppose -w = -4*h + 216. Is h a prime number?
True
Let h(f) be the third derivative of -5*f**4/24 + f**3/6 + 2*f**2. Let t be h(-1). Let l(k) = 5*k + 7. Is l(t) composite?
False
Suppose 10 = 2*m - 0*m + 3*z, -4*m + 20 = -3*z. Suppose 4*p + m = 3*h, -p + 